
Let p(w) = 47*w - 17. Let h be p(21). Suppose 5*m - 4*s - h = 0, 3*s + 582 = 2*m + m. Suppose 1054 = 8*g - m. What is the units digit of g?
6
Suppose r = -4*c - 36, -4*c - r - 4*r - 52 = 0. Let p be ((-20)/16)/((-26)/24 + 1). What is the hundreds digit of (-1418)/c + (p/4)/(-15)?
1
Suppose 13*c = 3*c - 1020. Let x be ((-280)/(-6))/(4/c). What is the units digit of x/(-12) + (-8)/48?
9
Let f(o) = -476*o - 832. What is the thousands digit of f(-55)?
5
Let s(d) be the first derivative of -d**3/3 - 12*d**2 - 29*d + 19. Suppose -2*u + n - 3*n - 50 = 0, u + 5 = 4*n. What is the units digit of s(u)?
4
Suppose -6 = 2*w + 10. What is the units digit of 56/w - -5 - (-1550)/2?
3
Let h be 16 - (-5 - (-18 + 7)). Suppose -h*b + 5099 = 869. What is the tens digit of b?
2
What is the units digit of (27536/24)/(68/918)?
9
Suppose 82*l + 32855 - 177949 = 457114. What is the units digit of l?
4
Let c = 9735 + -5253. Suppose 45*n - c = 39*n. What is the units digit of n?
7
Suppose -2*q = 2*k + 18 + 60, 5*q + 230 = 2*k. What is the units digit of 94/(-6)*(23 + q)?
9
Let d = -37 - -4. Let c = -162 + 94. Let b = d - c. What is the tens digit of b?
3
Let i = -391 - -393. Suppose 2*b - 3*q = 272, -i*q + 66 = b - 63. What is the hundreds digit of b?
1
Let o(b) = 10*b**2 + 4*b - 31. What is the thousands digit of o(-25)?
6
Let s(w) = 756*w - 2546. What is the thousands digit of s(26)?
7
Suppose 12421*g = 12396*g + 1571025. What is the hundreds digit of g?
8
Suppose -9*s + 47619 = 3*p - 123507, 5*s + 171084 = 3*p. What is the thousands digit of p?
7
Suppose -147548 - 118774 = -16*f - 26*f. What is the hundreds digit of f?
3
Suppose s = -3*i - 2182 + 7675, 2*i = -2*s + 10962. What is the units digit of s?
5
Let v(f) = 0*f**2 + 14 - 13*f + 0*f - f**2 + 5*f. Let s be v(-9). Suppose s*q - 39 = -2*k + 57, -2*q = -4*k - 24. What is the units digit of q?
8
Suppose -5*b + 9*b - 64 = 0. Let m = -49 + b. What is the units digit of (16/12)/((-2)/m)?
2
Let o(u) = -108*u + 544. What is the thousands digit of o(-23)?
3
Suppose 42020 = -14*i + 120147 + 180929. What is the tens digit of i?
0
Let g be 2/((-20)/15)*-132. Suppose -o - 26 = -g. What is the hundreds digit of o?
1
Suppose 2*g = 35*g - 825. Suppose -4*p + 2672 = 4*n, g*n - 21*n - 2007 = -3*p. What is the tens digit of p?
6
Let d(k) = -5*k**3 - 101*k**2 - 7*k - 262. What is the tens digit of d(-27)?
1
Let g(i) = -91*i + 996. What is the tens digit of g(-25)?
7
Suppose -15*y + 18*y + 4*f = 9855, 2*f = 0. Suppose 18*t - 9*t - y = 0. What is the units digit of t?
5
Let t(u) = u**3 + 14*u**2 + 13*u + 9. Let p be t(-13). Let n be 1*(p/(-27) + 44/6). Suppose 0 = -4*w + n*w - 60. What is the tens digit of w?
2
Let g = 6312 - 2429. What is the hundreds digit of g?
8
Let b be (-4)/(-26) + ((-756)/(-39))/4. Suppose -4*v = 2*x - 5*x + 777, b*x - 1303 = 4*v. What is the tens digit of x?
6
Suppose z - 78 = -2*d - 2*d, 3*z = -2*d + 194. Suppose z = 3*h + 56. Suppose h*f + 4*m = 238, -6*f + f + 571 = 4*m. What is the units digit of f?
1
Let c = -864 - -708. Suppose 3*m + 4 = m. What is the tens digit of (c/(-8) + -3)*(-16)/m?
3
Let h(v) = -v**3 + 17*v**2 - 55*v - 53. Let f be h(12). Suppose 0 = -3*r + f*r - 7136. What is the hundreds digit of r?
7
Let y = 131122 - 59899. What is the units digit of y?
3
Suppose d - 25767 = -5*n, -49*n = 4*d - 50*n - 103194. What is the ten thousands digit of d?
2
Let b(d) be the third derivative of -5*d**4/12 + 4*d**3 - 12*d**2. Let u(k) = k + 1. Let l(w) = -b(w) - 5*u(w). What is the units digit of l(21)?
6
Suppose -11*z + 46427 + 54102 = 0. Suppose 28*u = 47*u - z. What is the hundreds digit of u?
4
Let o = 29945 - 5954. What is the thousands digit of o?
3
Let q(a) = -a**3 - 4*a**2 + 4*a - 5. Let c be q(-5). Suppose -v + 52 + 79 = c. Let o = 229 - v. What is the units digit of o?
8
Suppose -385*g + 389*g - w - 38900 = 0, -2*w - 48625 = -5*g. What is the tens digit of g?
2
Suppose 7*x = -14*x + 4*x + 14960. What is the tens digit of x?
8
Let b = 846 - -4650. What is the tens digit of b?
9
Let l be (-15062)/(-238) - (4/7)/2. Let v = -58 + l. What is the units digit of v?
5
Let k(b) be the first derivative of -b**3/3 - 9*b**2 + 12*b + 54. What is the tens digit of k(-15)?
5
Let z be (1*-5)/(10 - 9) - 2. What is the units digit of 67*2/z*-7?
4
Let p(r) be the third derivative of r**5/60 + 5*r**4/8 + r**3/3 + 23*r**2 - 2*r. What is the tens digit of p(12)?
2
Suppose 0 = g, -4*l - l = g. Let b(d) = -d**2 - 2*d - 1. Let o be b(l). What is the tens digit of 4/(-2)*79*o/2?
7
Let x(w) = -1329*w + 10. Let i(h) = -266*h + 2. Let m(o) = -11*i(o) + 2*x(o). What is the hundreds digit of m(2)?
5
Suppose 9 - 24 = -5*v + 5*p, 3 = v + 4*p. Let f be (-4)/(v - -1) - 11. Let z(a) = -2*a**2 - 25*a + 9. What is the units digit of z(f)?
1
Suppose 5*d + 9907 = 2*t - 9705, -4*t = -5*d - 39254. What is the units digit of t?
1
What is the thousands digit of 1777734/140 + 5 - (-6)/(-60)?
2
Let q = 5247 + -1229. What is the thousands digit of q?
4
Let o(g) = -g**3 + 18*g**2 + 40*g - 23. What is the tens digit of o(12)?
2
Suppose 365*x + 733589 = 4669123 + 2385536. What is the hundreds digit of x?
3
Let u(p) = 2*p**2 - 12*p + 7. Let m be u(8). Suppose -35*s + m*s = 292. Let x = -64 + s. What is the units digit of x?
9
Let w = 574 + -620. Let x = w + 511. What is the tens digit of x?
6
Suppose 16*p - 36675 = -5*v + 18*p, -2*v = 5*p - 14699. What is the hundreds digit of v?
3
Suppose -151*a - 36 = -157*a. Suppose -o + 594 = 5*t, 2*o - 5*t - 1188 = -a*t. What is the hundreds digit of o?
5
Let j be (-2)/8 - (-2)/8. Let m(o) = 32*o + 83. Let z(i) = -19*i - 40. Let y(h) = 6*m(h) + 10*z(h). What is the units digit of y(j)?
8
Let k be (1 - (-2 - -1)) + 3/3. Suppose 4*m - 296 = -6*f + k*f, -4*f = -m - 363. What is the tens digit of f?
9
Let y = 1558 - -662. What is the tens digit of y?
2
Suppose -l - 14 = -3*o + 2*o, -4*o - l = -66. Suppose 0 = -r + o. What is the hundreds digit of 3/(30/r)*(58 + 12)?
1
Let x be (4 + 10/(-4))*8/12. What is the units digit of 3325/15 - (1/(-3) + x)?
1
Let c(p) = -32*p - 20. Let q(d) = 11*d + 7. Let v(f) = -2*c(f) - 7*q(f). Let g be v(-1). What is the tens digit of ((-132)/18)/(g/(-102))?
8
Let a = 6591 - 5248. What is the tens digit of a?
4
Let m(n) = 7*n + 35. Let a be m(-4). Let r(s) = 3 - 7*s**2 - 13*s**2 - a + 4*s + 2*s**3 + 30*s**2. What is the tens digit of r(-4)?
1
Let i = -259 + 262. Suppose -9*f + 1048 = -5*f + 4*m, i*f + m - 776 = 0. What is the tens digit of f?
5
Let s(t) = t - 2. Let l(x) = -x**2 + 3*x - 5. Let m be l(3). Let y be s(m). What is the units digit of (-402)/(-10) - y/(-35) - 2?
8
What is the units digit of (24/84)/(8/626528)?
6
Let z(d) = 1796*d**2 - 44*d - 1. What is the thousands digit of z(-1)?
1
Suppose 4*a = 11*a. Suppose a = 7*b + 2 - 198. Let r = 144 - b. What is the tens digit of r?
1
Let g = -34899 + 70794. What is the hundreds digit of g?
8
Let x = -6091 + 746. Suppose 8*b - 3*b + 10 = 0. What is the tens digit of x/(-55) + -2*b/(-22)?
9
Let f(c) = -7*c - 7. Let l be f(-1). Suppose 5*n - 3188 = -4*b, 2*b + l*n = 4*n + 1568. What is the tens digit of b?
9
Suppose 194*p - 273229 = 135*p. What is the tens digit of p?
3
Suppose 0 = 42*m - 11*m - 112592. Suppose 0 = -3*h + 2*p + 5438, 3*p = 5*h - 3*h - m. What is the hundreds digit of h?
8
Let d(s) = -s**2 - 3*s + 19. Let j be d(5). Let z = -4 - j. Suppose -13*l = -z*l + 976. What is the hundreds digit of l?
2
Let x(r) = 567*r - 191. Let n be x(-3). Let a = n - -3225. What is the tens digit of a?
3
Let t(g) = 5342*g + 320. What is the thousands digit of t(1)?
5
Let g = 19378 + -3270. What is the units digit of g?
8
Let m = -31494 + 55532. What is the ten thousands digit of m?
2
Suppose 0 = -3*x - 5*n + 5631, -13*x + 12*x + 1885 = -n. Let m = x - 1263. What is the units digit of m?
9
Suppose 8*q - 8 = 6*q + 3*w, -4*q + 16 = 5*w. Suppose q*f = 2391 + 1589. What is the units digit of f?
5
Suppose -5*q + 8*q - t - 10 = 0, q + t - 2 = 0. Suppose -2058 = -5*r - 2*w, -q*w + 821 = 3*r - r. What is the hundreds digit of r?
4
Let x(n) = 2*n**3 - 9*n**2 - 2*n - 1. Suppose -2*j = -4*f - 3*j + 12, -2*f - 4*j = 8. Let d be x(f). What is the units digit of -25*(4 + 105/d)?
5
Suppose -2*d + 698 = 3*s + s, -2*s - 4*d + 364 = 0. Let k = -13 + 34. S